{"id":2356,"date":"2023-09-17T18:10:48","date_gmt":"2023-09-17T18:10:48","guid":{"rendered":"https:\/\/morkemeditasjoner.no\/?page_id=2356"},"modified":"2024-03-11T21:50:29","modified_gmt":"2024-03-11T21:50:29","slug":"presse","status":"publish","type":"page","link":"https:\/\/morkemeditasjoner.no\/?page_id=2356","title":{"rendered":"Presse"},"content":{"rendered":"\n<p>Her finnes det en rekke ressurser til bruk for pressen.<\/p>\n\n\n\n<h2 class=\"wp-block-heading\">Informasjonstekst<\/h2>\n\n\n\n<p>Helge Kaasin (f\u00f8dt 1971) er utdannet filosof og har gitt ut boken <em>Sn\u00f8 og granskog: Spr\u00e5k, ideologi og nasjonalromantisk raseri i norsk svartmetall<\/em> (2023). Han st\u00e5r bak radioprogrammet <em>M\u00f8rke meditasjoner<\/em>, er tidligere musikkanmelder i magasinet Metal Hammer Norway, og han har skrevet flere artikler om svartmetallens ideologiske st\u00e5sted, ogs\u00e5 p\u00e5 nettsiden <em>M\u00f8rke meditasjoner<\/em> (morkemeditasjoner.no).<\/p>\n\n\n\n<h2 class=\"wp-block-heading\">Bilder til nedlasting<\/h2>\n\n\n\n<figure class=\"wp-block-image size-large\"><img loading=\"lazy\" decoding=\"async\" width=\"1024\" height=\"576\" src=\"https:\/\/morkemeditasjoner.no\/wp-content\/uploads\/2023\/09\/helge_kaasin-1024x576.jpg\" alt=\"\" class=\"wp-image-2357\" srcset=\"https:\/\/morkemeditasjoner.no\/wp-content\/uploads\/2023\/09\/helge_kaasin-1024x576.jpg 1024w, https:\/\/morkemeditasjoner.no\/wp-content\/uploads\/2023\/09\/helge_kaasin-300x169.jpg 300w, https:\/\/morkemeditasjoner.no\/wp-content\/uploads\/2023\/09\/helge_kaasin-768x432.jpg 768w, https:\/\/morkemeditasjoner.no\/wp-content\/uploads\/2023\/09\/helge_kaasin-1536x864.jpg 1536w, https:\/\/morkemeditasjoner.no\/wp-content\/uploads\/2023\/09\/helge_kaasin-2048x1152.jpg 2048w\" sizes=\"auto, (max-width: 1024px) 100vw, 1024px\" \/><figcaption class=\"wp-element-caption\">Helge Kaasin. Skal krediteres som f\u00f8lger: <strong>Foto: Kim Erlandsen \/ NRK<\/strong><\/figcaption><\/figure>\n\n\n\n<div class=\"wp-block-file\"><a id=\"wp-block-file--media-7ae6d9c7-81ba-4ec1-b7f1-5ea6511ed127\" href=\"https:\/\/morkemeditasjoner.no\/wp-content\/uploads\/2023\/09\/helge_kaasin-scaled.jpg\">helge_kaasin<\/a><a href=\"https:\/\/morkemeditasjoner.no\/wp-content\/uploads\/2023\/09\/helge_kaasin-scaled.jpg\" class=\"wp-block-file__button wp-element-button\" download aria-describedby=\"wp-block-file--media-7ae6d9c7-81ba-4ec1-b7f1-5ea6511ed127\">Last ned<\/a><\/div>\n\n\n\n<hr class=\"wp-block-separator has-alpha-channel-opacity is-style-wide\"\/>\n\n\n\n<figure class=\"wp-block-image size-large\"><img loading=\"lazy\" decoding=\"async\" width=\"620\" height=\"1024\" src=\"https:\/\/morkemeditasjoner.no\/wp-content\/uploads\/2023\/09\/sno_og_granskog_omslag-620x1024.jpeg\" alt=\"\" class=\"wp-image-2358\" srcset=\"https:\/\/morkemeditasjoner.no\/wp-content\/uploads\/2023\/09\/sno_og_granskog_omslag-620x1024.jpeg 620w, https:\/\/morkemeditasjoner.no\/wp-content\/uploads\/2023\/09\/sno_og_granskog_omslag-182x300.jpeg 182w, https:\/\/morkemeditasjoner.no\/wp-content\/uploads\/2023\/09\/sno_og_granskog_omslag-768x1268.jpeg 768w, https:\/\/morkemeditasjoner.no\/wp-content\/uploads\/2023\/09\/sno_og_granskog_omslag-930x1536.jpeg 930w, https:\/\/morkemeditasjoner.no\/wp-content\/uploads\/2023\/09\/sno_og_granskog_omslag.jpeg 1020w\" sizes=\"auto, (max-width: 620px) 100vw, 620px\" \/><figcaption class=\"wp-element-caption\">Skal krediteres som f\u00f8lger: <strong>Foto: Helge Kaasin \/ Nasjonalbiblioteket<\/strong><\/figcaption><\/figure>\n\n\n\n<div class=\"wp-block-file\"><a id=\"wp-block-file--media-da58676c-028d-4d2c-98ec-07a4cd066df0\" href=\"https:\/\/morkemeditasjoner.no\/wp-content\/uploads\/2023\/09\/sno_og_granskog_omslag.jpeg\">sno_og_granskog_omslag<\/a><a href=\"https:\/\/morkemeditasjoner.no\/wp-content\/uploads\/2023\/09\/sno_og_granskog_omslag.jpeg\" class=\"wp-block-file__button wp-element-button\" download aria-describedby=\"wp-block-file--media-da58676c-028d-4d2c-98ec-07a4cd066df0\">Last ned<\/a><\/div>\n\n\n\n<hr class=\"wp-block-separator has-alpha-channel-opacity is-style-wide\"\/>\n\n\n\n<figure class=\"wp-block-image size-large\"><img loading=\"lazy\" decoding=\"async\" width=\"1024\" height=\"576\" src=\"https:\/\/morkemeditasjoner.no\/wp-content\/uploads\/2023\/09\/illfoto-1024x576.png\" alt=\"\" class=\"wp-image-2359\" srcset=\"https:\/\/morkemeditasjoner.no\/wp-content\/uploads\/2023\/09\/illfoto-1024x576.png 1024w, https:\/\/morkemeditasjoner.no\/wp-content\/uploads\/2023\/09\/illfoto-300x169.png 300w, https:\/\/morkemeditasjoner.no\/wp-content\/uploads\/2023\/09\/illfoto-768x432.png 768w, https:\/\/morkemeditasjoner.no\/wp-content\/uploads\/2023\/09\/illfoto-1536x864.png 1536w, https:\/\/morkemeditasjoner.no\/wp-content\/uploads\/2023\/09\/illfoto-2048x1152.png 2048w\" sizes=\"auto, (max-width: 1024px) 100vw, 1024px\" \/><figcaption class=\"wp-element-caption\">Helge Kaasin. Skal krediteres som f\u00f8lger: <strong>Foto: Kim Erlandsen \/ NRK<\/strong><\/figcaption><\/figure>\n\n\n\n<div class=\"wp-block-file\"><a id=\"wp-block-file--media-de19bcfa-0f21-4616-90a4-fb2475d89684\" href=\"https:\/\/morkemeditasjoner.no\/wp-content\/uploads\/2023\/09\/illfoto.png\">illfoto<\/a><a href=\"https:\/\/morkemeditasjoner.no\/wp-content\/uploads\/2023\/09\/illfoto.png\" class=\"wp-block-file__button wp-element-button\" download aria-describedby=\"wp-block-file--media-de19bcfa-0f21-4616-90a4-fb2475d89684\">Last ned<\/a><\/div>\n\n\n\n<hr class=\"wp-block-separator has-alpha-channel-opacity is-style-wide\"\/>\n\n\n\n<figure class=\"wp-block-image size-large\"><img loading=\"lazy\" decoding=\"async\" width=\"1024\" height=\"683\" src=\"https:\/\/morkemeditasjoner.no\/wp-content\/uploads\/2023\/09\/inngangsparti_daarlig_stemning-1024x683.jpg\" alt=\"\" class=\"wp-image-2368\" srcset=\"https:\/\/morkemeditasjoner.no\/wp-content\/uploads\/2023\/09\/inngangsparti_daarlig_stemning-1024x683.jpg 1024w, https:\/\/morkemeditasjoner.no\/wp-content\/uploads\/2023\/09\/inngangsparti_daarlig_stemning-300x200.jpg 300w, https:\/\/morkemeditasjoner.no\/wp-content\/uploads\/2023\/09\/inngangsparti_daarlig_stemning-768x512.jpg 768w, https:\/\/morkemeditasjoner.no\/wp-content\/uploads\/2023\/09\/inngangsparti_daarlig_stemning-1536x1024.jpg 1536w, https:\/\/morkemeditasjoner.no\/wp-content\/uploads\/2023\/09\/inngangsparti_daarlig_stemning-2048x1365.jpg 2048w\" sizes=\"auto, (max-width: 1024px) 100vw, 1024px\" \/><figcaption class=\"wp-element-caption\">Inngangspartiet til utstillingen <em>D\u00e5rlig stemning<\/em> p\u00e5 Nasjonalbiblioteket. Skal krediteres som f\u00f8lger: <strong>Foto: H\u00e5vard Gjelseth.<\/strong><\/figcaption><\/figure>\n\n\n\n<div class=\"wp-block-file\"><a id=\"wp-block-file--media-05335c3b-5e40-46a1-a05d-f5df1a8c99e7\" href=\"https:\/\/morkemeditasjoner.no\/wp-content\/uploads\/2023\/09\/inngangsparti_daarlig_stemning-scaled.jpg\">inngangsparti_daarlig_stemning<\/a><a href=\"https:\/\/morkemeditasjoner.no\/wp-content\/uploads\/2023\/09\/inngangsparti_daarlig_stemning-scaled.jpg\" class=\"wp-block-file__button wp-element-button\" download aria-describedby=\"wp-block-file--media-05335c3b-5e40-46a1-a05d-f5df1a8c99e7\">Last ned<\/a><\/div>\n\n\n\n<hr class=\"wp-block-separator has-alpha-channel-opacity is-style-wide\"\/>\n\n\n\n<figure class=\"wp-block-image size-large\"><img loading=\"lazy\" decoding=\"async\" width=\"1024\" height=\"683\" src=\"https:\/\/morkemeditasjoner.no\/wp-content\/uploads\/2023\/09\/boka_daarlig_stemning-1024x683.jpg\" alt=\"\" class=\"wp-image-2369\" srcset=\"https:\/\/morkemeditasjoner.no\/wp-content\/uploads\/2023\/09\/boka_daarlig_stemning-1024x683.jpg 1024w, https:\/\/morkemeditasjoner.no\/wp-content\/uploads\/2023\/09\/boka_daarlig_stemning-300x200.jpg 300w, https:\/\/morkemeditasjoner.no\/wp-content\/uploads\/2023\/09\/boka_daarlig_stemning-768x512.jpg 768w, https:\/\/morkemeditasjoner.no\/wp-content\/uploads\/2023\/09\/boka_daarlig_stemning-1536x1024.jpg 1536w, https:\/\/morkemeditasjoner.no\/wp-content\/uploads\/2023\/09\/boka_daarlig_stemning-2048x1365.jpg 2048w\" sizes=\"auto, (max-width: 1024px) 100vw, 1024px\" \/><figcaption class=\"wp-element-caption\">Boka <em>Sn\u00f8 og granskog<\/em> ved inngangspartiet til utstillingen <em>D\u00e5rlig stemning<\/em> p\u00e5 Nasjonalbiblioteket. Skal krediteres som f\u00f8lger: <strong>Foto: H\u00e5vard Gjelseth.<\/strong><\/figcaption><\/figure>\n\n\n\n<div class=\"wp-block-file\"><a id=\"wp-block-file--media-2e81ae63-82ba-4d70-9a8b-c9b50b418db7\" href=\"https:\/\/morkemeditasjoner.no\/wp-content\/uploads\/2023\/09\/boka_daarlig_stemning-scaled.jpg\">boka_daarlig_stemning<\/a><a href=\"https:\/\/morkemeditasjoner.no\/wp-content\/uploads\/2023\/09\/boka_daarlig_stemning-scaled.jpg\" class=\"wp-block-file__button wp-element-button\" download aria-describedby=\"wp-block-file--media-2e81ae63-82ba-4d70-9a8b-c9b50b418db7\">Last ned<\/a><\/div>\n\n\n\n<hr class=\"wp-block-separator has-alpha-channel-opacity is-style-wide\"\/>\n\n\n\n<figure class=\"wp-block-image size-large\"><img loading=\"lazy\" decoding=\"async\" width=\"1024\" height=\"576\" src=\"https:\/\/morkemeditasjoner.no\/wp-content\/uploads\/2023\/09\/helge_kaasin_scenen-1024x576.png\" alt=\"\" class=\"wp-image-2362\" srcset=\"https:\/\/morkemeditasjoner.no\/wp-content\/uploads\/2023\/09\/helge_kaasin_scenen-1024x576.png 1024w, https:\/\/morkemeditasjoner.no\/wp-content\/uploads\/2023\/09\/helge_kaasin_scenen-300x169.png 300w, https:\/\/morkemeditasjoner.no\/wp-content\/uploads\/2023\/09\/helge_kaasin_scenen-768x432.png 768w, https:\/\/morkemeditasjoner.no\/wp-content\/uploads\/2023\/09\/helge_kaasin_scenen-1536x864.png 1536w, https:\/\/morkemeditasjoner.no\/wp-content\/uploads\/2023\/09\/helge_kaasin_scenen-2048x1152.png 2048w\" sizes=\"auto, (max-width: 1024px) 100vw, 1024px\" \/><figcaption class=\"wp-element-caption\">Helge Kaasin p\u00e5 scenen p\u00e5 Energim\u00f8lla, Kongsberg, 16.09.2023. Skal krediteres som f\u00f8lger: <strong>Foto: Rune Kj\u00f8rstad \/ Kongsberg rockeklubb<\/strong><\/figcaption><\/figure>\n\n\n\n<div class=\"wp-block-file\"><a id=\"wp-block-file--media-bfc9d218-034f-4641-b5b0-f73729d3824b\" href=\"https:\/\/morkemeditasjoner.no\/wp-content\/uploads\/2023\/09\/helge_kaasin_scenen.png\">helge_kaasin_scenen<\/a><a href=\"https:\/\/morkemeditasjoner.no\/wp-content\/uploads\/2023\/09\/helge_kaasin_scenen.png\" class=\"wp-block-file__button wp-element-button\" download aria-describedby=\"wp-block-file--media-bfc9d218-034f-4641-b5b0-f73729d3824b\">Last ned<\/a><\/div>\n\n\n\n<hr class=\"wp-block-separator has-alpha-channel-opacity is-style-wide\"\/>\n\n\n\n<figure class=\"wp-block-image size-large\"><img loading=\"lazy\" decoding=\"async\" width=\"1024\" height=\"768\" src=\"https:\/\/morkemeditasjoner.no\/wp-content\/uploads\/2023\/09\/helge_kaasin_scenen_2-1024x768.png\" alt=\"\" class=\"wp-image-2365\" srcset=\"https:\/\/morkemeditasjoner.no\/wp-content\/uploads\/2023\/09\/helge_kaasin_scenen_2-1024x768.png 1024w, https:\/\/morkemeditasjoner.no\/wp-content\/uploads\/2023\/09\/helge_kaasin_scenen_2-300x225.png 300w, https:\/\/morkemeditasjoner.no\/wp-content\/uploads\/2023\/09\/helge_kaasin_scenen_2-768x576.png 768w, https:\/\/morkemeditasjoner.no\/wp-content\/uploads\/2023\/09\/helge_kaasin_scenen_2-1536x1152.png 1536w, https:\/\/morkemeditasjoner.no\/wp-content\/uploads\/2023\/09\/helge_kaasin_scenen_2.png 1987w\" sizes=\"auto, (max-width: 1024px) 100vw, 1024px\" \/><figcaption class=\"wp-element-caption\">Helge Kaasin p\u00e5 scenen p\u00e5 Energim\u00f8lla, Kongsberg, 16.09.2023. Skal krediteres som f\u00f8lger: <strong>Foto: Rune Kj\u00f8rstad \/ Kongsberg rockeklubb<\/strong><\/figcaption><\/figure>\n\n\n\n<div class=\"wp-block-file\"><a id=\"wp-block-file--media-067ea33d-5d39-44d0-be78-6bab5e383f48\" href=\"https:\/\/morkemeditasjoner.no\/wp-content\/uploads\/2023\/09\/helge_kaasin_scenen_2.png\">helge_kaasin_scenen_2<\/a><a href=\"https:\/\/morkemeditasjoner.no\/wp-content\/uploads\/2023\/09\/helge_kaasin_scenen_2.png\" class=\"wp-block-file__button wp-element-button\" download aria-describedby=\"wp-block-file--media-067ea33d-5d39-44d0-be78-6bab5e383f48\">Last ned<\/a><\/div>\n\n\n\n<hr class=\"wp-block-separator has-alpha-channel-opacity is-style-wide\"\/>\n\n\n\n<figure class=\"wp-block-image size-large\"><img loading=\"lazy\" decoding=\"async\" width=\"1024\" height=\"697\" src=\"https:\/\/morkemeditasjoner.no\/wp-content\/uploads\/2023\/09\/helge_trommer_1988-1024x697.png\" alt=\"\" class=\"wp-image-2360\" srcset=\"https:\/\/morkemeditasjoner.no\/wp-content\/uploads\/2023\/09\/helge_trommer_1988-1024x697.png 1024w, https:\/\/morkemeditasjoner.no\/wp-content\/uploads\/2023\/09\/helge_trommer_1988-300x204.png 300w, https:\/\/morkemeditasjoner.no\/wp-content\/uploads\/2023\/09\/helge_trommer_1988-768x522.png 768w, https:\/\/morkemeditasjoner.no\/wp-content\/uploads\/2023\/09\/helge_trommer_1988-1536x1045.png 1536w, https:\/\/morkemeditasjoner.no\/wp-content\/uploads\/2023\/09\/helge_trommer_1988.png 1898w\" sizes=\"auto, (max-width: 1024px) 100vw, 1024px\" \/><figcaption class=\"wp-element-caption\">Helge Kaasin bak trommene i 1988. Skal krediteres: <strong>Foto: Privat<\/strong><\/figcaption><\/figure>\n\n\n\n<div class=\"wp-block-file\"><a id=\"wp-block-file--media-34af584f-a37e-42ce-a486-35f5775b391d\" href=\"https:\/\/morkemeditasjoner.no\/wp-content\/uploads\/2023\/09\/helge_trommer_1988.png\">helge_trommer_1988<\/a><a href=\"https:\/\/morkemeditasjoner.no\/wp-content\/uploads\/2023\/09\/helge_trommer_1988.png\" class=\"wp-block-file__button wp-element-button\" download aria-describedby=\"wp-block-file--media-34af584f-a37e-42ce-a486-35f5775b391d\">Last ned<\/a><\/div>\n","protected":false},"excerpt":{"rendered":"<p>Her finnes det en rekke ressurser til bruk for pressen. Informasjonstekst Helge Kaasin (f\u00f8dt 1971) er utdannet filosof og har gitt ut boken Sn\u00f8 og granskog: Spr\u00e5k, ideologi og nasjonalromantisk raseri i norsk svartmetall (2023). Han st\u00e5r bak radioprogrammet M\u00f8rke meditasjoner, er tidligere musikkanmelder i magasinet Metal Hammer Norway, og han har skrevet flere artikler [&hellip;]<\/p>\n","protected":false},"author":1,"featured_media":0,"parent":0,"menu_order":0,"comment_status":"closed","ping_status":"closed","template":"","meta":{"footnotes":""},"class_list":["post-2356","page","type-page","status-publish","hentry"],"yoast_head":"<!-- This site is optimized with the Yoast SEO plugin v27.3 - https:\/\/yoast.com\/product\/yoast-seo-wordpress\/ -->\n<title>Presse - M\u00f8rke meditasjoner \u2013 filosofi, kulturhistorie og metal<\/title>\n<meta name=\"robots\" content=\"index, follow, max-snippet:-1, max-image-preview:large, max-video-preview:-1\" \/>\n<link rel=\"canonical\" href=\"https:\/\/morkemeditasjoner.no\/?page_id=2356\" \/>\n<meta property=\"og:locale\" content=\"nb_NO\" \/>\n<meta property=\"og:type\" content=\"article\" \/>\n<meta property=\"og:title\" content=\"Presse - M\u00f8rke meditasjoner \u2013 filosofi, kulturhistorie og metal\" \/>\n<meta property=\"og:description\" content=\"Her finnes det en rekke ressurser til bruk for pressen. Informasjonstekst Helge Kaasin (f\u00f8dt 1971) er utdannet filosof og har gitt ut boken Sn\u00f8 og granskog: Spr\u00e5k, ideologi og nasjonalromantisk raseri i norsk svartmetall (2023). Han st\u00e5r bak radioprogrammet M\u00f8rke meditasjoner, er tidligere musikkanmelder i magasinet Metal Hammer Norway, og han har skrevet flere artikler [&hellip;]\" \/>\n<meta property=\"og:url\" content=\"https:\/\/morkemeditasjoner.no\/?page_id=2356\" \/>\n<meta property=\"og:site_name\" content=\"M\u00f8rke meditasjoner \u2013 filosofi, kulturhistorie og metal\" \/>\n<meta property=\"article:modified_time\" content=\"2024-03-11T21:50:29+00:00\" \/>\n<meta property=\"og:image\" content=\"https:\/\/morkemeditasjoner.no\/wp-content\/uploads\/2023\/09\/helge_kaasin-1024x576.jpg\" \/>\n<meta name=\"twitter:card\" content=\"summary_large_image\" \/>\n<meta name=\"twitter:label1\" content=\"Ansl. lesetid\" \/>\n\t<meta name=\"twitter:data1\" content=\"1 minutt\" \/>\n<script type=\"application\/ld+json\" class=\"yoast-schema-graph\">{\"@context\":\"https:\\\/\\\/schema.org\",\"@graph\":[{\"@type\":\"WebPage\",\"@id\":\"https:\\\/\\\/morkemeditasjoner.no\\\/?page_id=2356\",\"url\":\"https:\\\/\\\/morkemeditasjoner.no\\\/?page_id=2356\",\"name\":\"Presse - M\u00f8rke meditasjoner \u2013 filosofi, kulturhistorie og metal\",\"isPartOf\":{\"@id\":\"https:\\\/\\\/morkemeditasjoner.no\\\/#website\"},\"primaryImageOfPage\":{\"@id\":\"https:\\\/\\\/morkemeditasjoner.no\\\/?page_id=2356#primaryimage\"},\"image\":{\"@id\":\"https:\\\/\\\/morkemeditasjoner.no\\\/?page_id=2356#primaryimage\"},\"thumbnailUrl\":\"https:\\\/\\\/morkemeditasjoner.no\\\/wp-content\\\/uploads\\\/2023\\\/09\\\/helge_kaasin-1024x576.jpg\",\"datePublished\":\"2023-09-17T18:10:48+00:00\",\"dateModified\":\"2024-03-11T21:50:29+00:00\",\"breadcrumb\":{\"@id\":\"https:\\\/\\\/morkemeditasjoner.no\\\/?page_id=2356#breadcrumb\"},\"inLanguage\":\"nb-NO\",\"potentialAction\":[{\"@type\":\"ReadAction\",\"target\":[\"https:\\\/\\\/morkemeditasjoner.no\\\/?page_id=2356\"]}]},{\"@type\":\"ImageObject\",\"inLanguage\":\"nb-NO\",\"@id\":\"https:\\\/\\\/morkemeditasjoner.no\\\/?page_id=2356#primaryimage\",\"url\":\"https:\\\/\\\/morkemeditasjoner.no\\\/wp-content\\\/uploads\\\/2023\\\/09\\\/helge_kaasin-scaled.jpg\",\"contentUrl\":\"https:\\\/\\\/morkemeditasjoner.no\\\/wp-content\\\/uploads\\\/2023\\\/09\\\/helge_kaasin-scaled.jpg\",\"width\":2560,\"height\":1440},{\"@type\":\"BreadcrumbList\",\"@id\":\"https:\\\/\\\/morkemeditasjoner.no\\\/?page_id=2356#breadcrumb\",\"itemListElement\":[{\"@type\":\"ListItem\",\"position\":1,\"name\":\"Hjem\",\"item\":\"https:\\\/\\\/morkemeditasjoner.no\\\/\"},{\"@type\":\"ListItem\",\"position\":2,\"name\":\"Presse\"}]},{\"@type\":\"WebSite\",\"@id\":\"https:\\\/\\\/morkemeditasjoner.no\\\/#website\",\"url\":\"https:\\\/\\\/morkemeditasjoner.no\\\/\",\"name\":\"M\u00f8rke meditasjoner \u2013 filosofi, kulturhistorie og metal\",\"description\":\"Filosofi, kulturhistorie og metall\",\"publisher\":{\"@id\":\"https:\\\/\\\/morkemeditasjoner.no\\\/#\\\/schema\\\/person\\\/068b71937f031d11c76cac94f404e820\"},\"potentialAction\":[{\"@type\":\"SearchAction\",\"target\":{\"@type\":\"EntryPoint\",\"urlTemplate\":\"https:\\\/\\\/morkemeditasjoner.no\\\/?s={search_term_string}\"},\"query-input\":{\"@type\":\"PropertyValueSpecification\",\"valueRequired\":true,\"valueName\":\"search_term_string\"}}],\"inLanguage\":\"nb-NO\"},{\"@type\":[\"Person\",\"Organization\"],\"@id\":\"https:\\\/\\\/morkemeditasjoner.no\\\/#\\\/schema\\\/person\\\/068b71937f031d11c76cac94f404e820\",\"name\":\"Helge Kaasin\",\"image\":{\"@type\":\"ImageObject\",\"inLanguage\":\"nb-NO\",\"@id\":\"https:\\\/\\\/secure.gravatar.com\\\/avatar\\\/b6c7a6757f4380803cf5d49f09e39a8fa0b02535d56aa6af60676515cf38d96f?s=96&d=mm&r=g\",\"url\":\"https:\\\/\\\/secure.gravatar.com\\\/avatar\\\/b6c7a6757f4380803cf5d49f09e39a8fa0b02535d56aa6af60676515cf38d96f?s=96&d=mm&r=g\",\"contentUrl\":\"https:\\\/\\\/secure.gravatar.com\\\/avatar\\\/b6c7a6757f4380803cf5d49f09e39a8fa0b02535d56aa6af60676515cf38d96f?s=96&d=mm&r=g\",\"caption\":\"Helge Kaasin\"},\"logo\":{\"@id\":\"https:\\\/\\\/secure.gravatar.com\\\/avatar\\\/b6c7a6757f4380803cf5d49f09e39a8fa0b02535d56aa6af60676515cf38d96f?s=96&d=mm&r=g\"},\"sameAs\":[\"https:\\\/\\\/morkemeditasjoner.no\"]}]}<\/script>\n<!-- \/ Yoast SEO plugin. -->","yoast_head_json":{"title":"Presse - M\u00f8rke meditasjoner \u2013 filosofi, kulturhistorie og metal","robots":{"index":"index","follow":"follow","max-snippet":"max-snippet:-1","max-image-preview":"max-image-preview:large","max-video-preview":"max-video-preview:-1"},"canonical":"https:\/\/morkemeditasjoner.no\/?page_id=2356","og_locale":"nb_NO","og_type":"article","og_title":"Presse - M\u00f8rke meditasjoner \u2013 filosofi, kulturhistorie og metal","og_description":"Her finnes det en rekke ressurser til bruk for pressen. Informasjonstekst Helge Kaasin (f\u00f8dt 1971) er utdannet filosof og har gitt ut boken Sn\u00f8 og granskog: Spr\u00e5k, ideologi og nasjonalromantisk raseri i norsk svartmetall (2023). Han st\u00e5r bak radioprogrammet M\u00f8rke meditasjoner, er tidligere musikkanmelder i magasinet Metal Hammer Norway, og han har skrevet flere artikler [&hellip;]","og_url":"https:\/\/morkemeditasjoner.no\/?page_id=2356","og_site_name":"M\u00f8rke meditasjoner \u2013 filosofi, kulturhistorie og metal","article_modified_time":"2024-03-11T21:50:29+00:00","og_image":[{"url":"https:\/\/morkemeditasjoner.no\/wp-content\/uploads\/2023\/09\/helge_kaasin-1024x576.jpg","type":"","width":"","height":""}],"twitter_card":"summary_large_image","twitter_misc":{"Ansl. lesetid":"1 minutt"},"schema":{"@context":"https:\/\/schema.org","@graph":[{"@type":"WebPage","@id":"https:\/\/morkemeditasjoner.no\/?page_id=2356","url":"https:\/\/morkemeditasjoner.no\/?page_id=2356","name":"Presse - M\u00f8rke meditasjoner \u2013 filosofi, kulturhistorie og metal","isPartOf":{"@id":"https:\/\/morkemeditasjoner.no\/#website"},"primaryImageOfPage":{"@id":"https:\/\/morkemeditasjoner.no\/?page_id=2356#primaryimage"},"image":{"@id":"https:\/\/morkemeditasjoner.no\/?page_id=2356#primaryimage"},"thumbnailUrl":"https:\/\/morkemeditasjoner.no\/wp-content\/uploads\/2023\/09\/helge_kaasin-1024x576.jpg","datePublished":"2023-09-17T18:10:48+00:00","dateModified":"2024-03-11T21:50:29+00:00","breadcrumb":{"@id":"https:\/\/morkemeditasjoner.no\/?page_id=2356#breadcrumb"},"inLanguage":"nb-NO","potentialAction":[{"@type":"ReadAction","target":["https:\/\/morkemeditasjoner.no\/?page_id=2356"]}]},{"@type":"ImageObject","inLanguage":"nb-NO","@id":"https:\/\/morkemeditasjoner.no\/?page_id=2356#primaryimage","url":"https:\/\/morkemeditasjoner.no\/wp-content\/uploads\/2023\/09\/helge_kaasin-scaled.jpg","contentUrl":"https:\/\/morkemeditasjoner.no\/wp-content\/uploads\/2023\/09\/helge_kaasin-scaled.jpg","width":2560,"height":1440},{"@type":"BreadcrumbList","@id":"https:\/\/morkemeditasjoner.no\/?page_id=2356#breadcrumb","itemListElement":[{"@type":"ListItem","position":1,"name":"Hjem","item":"https:\/\/morkemeditasjoner.no\/"},{"@type":"ListItem","position":2,"name":"Presse"}]},{"@type":"WebSite","@id":"https:\/\/morkemeditasjoner.no\/#website","url":"https:\/\/morkemeditasjoner.no\/","name":"M\u00f8rke meditasjoner \u2013 filosofi, kulturhistorie og metal","description":"Filosofi, kulturhistorie og metall","publisher":{"@id":"https:\/\/morkemeditasjoner.no\/#\/schema\/person\/068b71937f031d11c76cac94f404e820"},"potentialAction":[{"@type":"SearchAction","target":{"@type":"EntryPoint","urlTemplate":"https:\/\/morkemeditasjoner.no\/?s={search_term_string}"},"query-input":{"@type":"PropertyValueSpecification","valueRequired":true,"valueName":"search_term_string"}}],"inLanguage":"nb-NO"},{"@type":["Person","Organization"],"@id":"https:\/\/morkemeditasjoner.no\/#\/schema\/person\/068b71937f031d11c76cac94f404e820","name":"Helge Kaasin","image":{"@type":"ImageObject","inLanguage":"nb-NO","@id":"https:\/\/secure.gravatar.com\/avatar\/b6c7a6757f4380803cf5d49f09e39a8fa0b02535d56aa6af60676515cf38d96f?s=96&d=mm&r=g","url":"https:\/\/secure.gravatar.com\/avatar\/b6c7a6757f4380803cf5d49f09e39a8fa0b02535d56aa6af60676515cf38d96f?s=96&d=mm&r=g","contentUrl":"https:\/\/secure.gravatar.com\/avatar\/b6c7a6757f4380803cf5d49f09e39a8fa0b02535d56aa6af60676515cf38d96f?s=96&d=mm&r=g","caption":"Helge Kaasin"},"logo":{"@id":"https:\/\/secure.gravatar.com\/avatar\/b6c7a6757f4380803cf5d49f09e39a8fa0b02535d56aa6af60676515cf38d96f?s=96&d=mm&r=g"},"sameAs":["https:\/\/morkemeditasjoner.no"]}]}},"jetpack_sharing_enabled":true,"_links":{"self":[{"href":"https:\/\/morkemeditasjoner.no\/index.php?rest_route=\/wp\/v2\/pages\/2356","targetHints":{"allow":["GET"]}}],"collection":[{"href":"https:\/\/morkemeditasjoner.no\/index.php?rest_route=\/wp\/v2\/pages"}],"about":[{"href":"https:\/\/morkemeditasjoner.no\/index.php?rest_route=\/wp\/v2\/types\/page"}],"author":[{"embeddable":true,"href":"https:\/\/morkemeditasjoner.no\/index.php?rest_route=\/wp\/v2\/users\/1"}],"replies":[{"embeddable":true,"href":"https:\/\/morkemeditasjoner.no\/index.php?rest_route=%2Fwp%2Fv2%2Fcomments&post=2356"}],"version-history":[{"count":8,"href":"https:\/\/morkemeditasjoner.no\/index.php?rest_route=\/wp\/v2\/pages\/2356\/revisions"}],"predecessor-version":[{"id":2469,"href":"https:\/\/morkemeditasjoner.no\/index.php?rest_route=\/wp\/v2\/pages\/2356\/revisions\/2469"}],"wp:attachment":[{"href":"https:\/\/morkemeditasjoner.no\/index.php?rest_route=%2Fwp%2Fv2%2Fmedia&parent=2356"}],"curies":[{"name":"wp","href":"https:\/\/api.w.org\/{rel}","templated":true}]}}